{"id":50,"date":"2025-02-04T00:30:06","date_gmt":"2025-02-03T23:30:06","guid":{"rendered":"https:\/\/pozyczkizkomornikiem.com.pl\/?page_id=50"},"modified":"2025-02-04T15:19:42","modified_gmt":"2025-02-04T14:19:42","slug":"jak-przygotowac-dom-pod-drzwi-pasywne","status":"publish","type":"page","link":"https:\/\/pozyczkizkomornikiem.com.pl\/?page_id=50","title":{"rendered":"Jak przygotowa\u0107 dom pod drzwi pasywne?"},"content":{"rendered":"\t\t<div data-elementor-type=\"wp-page\" data-elementor-id=\"50\" class=\"elementor elementor-50\" data-elementor-post-type=\"page\">\n\t\t\t\t\t\t<section class=\"elementor-section elementor-top-section elementor-element elementor-element-3384057 elementor-section-boxed elementor-section-height-default elementor-section-height-default\" data-id=\"3384057\" data-element_type=\"section\">\n\t\t\t\t\t\t<div class=\"elementor-container elementor-column-gap-default\">\n\t\t\t\t\t<div class=\"elementor-column elementor-col-100 elementor-top-column elementor-element elementor-element-58618bc\" data-id=\"58618bc\" data-element_type=\"column\">\n\t\t\t<div class=\"elementor-widget-wrap elementor-element-populated\">\n\t\t\t\t\t\t<div class=\"elementor-element elementor-element-8f78fd7 elementor-widget elementor-widget-heading\" data-id=\"8f78fd7\" data-element_type=\"widget\" data-widget_type=\"heading.default\">\n\t\t\t\t<div class=\"elementor-widget-container\">\n\t\t\t\t\t<h2 class=\"elementor-heading-title elementor-size-default\">Jak przygotowa\u0107 dom pod drzwi pasywne? Wymagania techniczne i praktyczne porady\n<\/h2>\t\t\t\t<\/div>\n\t\t\t\t<\/div>\n\t\t\t\t<div class=\"elementor-element elementor-element-a86bc22 elementor-toc--minimized-on-tablet elementor-widget elementor-widget-table-of-contents\" data-id=\"a86bc22\" data-element_type=\"widget\" data-settings=\"{&quot;exclude_headings_by_selector&quot;:[],&quot;no_headings_message&quot;:&quot;No headings were found on this page.&quot;,&quot;headings_by_tags&quot;:[&quot;h2&quot;,&quot;h3&quot;,&quot;h4&quot;,&quot;h5&quot;,&quot;h6&quot;],&quot;marker_view&quot;:&quot;numbers&quot;,&quot;minimize_box&quot;:&quot;yes&quot;,&quot;minimized_on&quot;:&quot;tablet&quot;,&quot;hierarchical_view&quot;:&quot;yes&quot;,&quot;min_height&quot;:{&quot;unit&quot;:&quot;px&quot;,&quot;size&quot;:&quot;&quot;,&quot;sizes&quot;:[]},&quot;min_height_tablet&quot;:{&quot;unit&quot;:&quot;px&quot;,&quot;size&quot;:&quot;&quot;,&quot;sizes&quot;:[]},&quot;min_height_mobile&quot;:{&quot;unit&quot;:&quot;px&quot;,&quot;size&quot;:&quot;&quot;,&quot;sizes&quot;:[]}}\" data-widget_type=\"table-of-contents.default\">\n\t\t\t\t<div class=\"elementor-widget-container\">\n\t\t\t\t\t\t\t<div class=\"elementor-toc__header\">\n\t\t\t<h4 class=\"elementor-toc__header-title\">\n\t\t\t\tSpis tre\u015bci\t\t\t<\/h4>\n\t\t\t\t\t\t\t<div class=\"elementor-toc__toggle-button elementor-toc__toggle-button--expand\" role=\"button\" tabindex=\"0\" aria-controls=\"elementor-toc__a86bc22\" aria-expanded=\"true\" aria-label=\"Open table of contents\"><i aria-hidden=\"true\" class=\"fas fa-chevron-down\"><\/i><\/div>\n\t\t\t\t<div class=\"elementor-toc__toggle-button elementor-toc__toggle-button--collapse\" role=\"button\" tabindex=\"0\" aria-controls=\"elementor-toc__a86bc22\" aria-expanded=\"true\" aria-label=\"Close table of contents\"><i aria-hidden=\"true\" class=\"fas fa-chevron-up\"><\/i><\/div>\n\t\t\t\t\t<\/div>\n\t\t<div id=\"elementor-toc__a86bc22\" class=\"elementor-toc__body\">\n\t\t\t<div class=\"elementor-toc__spinner-container\">\n\t\t\t\t<i class=\"elementor-toc__spinner eicon-animation-spin eicon-loading\" aria-hidden=\"true\"><\/i>\t\t\t<\/div>\n\t\t<\/div>\n\t\t\t\t\t\t<\/div>\n\t\t\t\t<\/div>\n\t\t\t\t<div class=\"elementor-element elementor-element-a366d30 elementor-widget elementor-widget-heading\" data-id=\"a366d30\" data-element_type=\"widget\" data-widget_type=\"heading.default\">\n\t\t\t\t<div class=\"elementor-widget-container\">\n\t\t\t\t\t<h3 class=\"elementor-heading-title elementor-size-default\">Czym s\u0105 drzwi pasywne i dlaczego warto je montowa\u0107?<\/h3>\t\t\t\t<\/div>\n\t\t\t\t<\/div>\n\t\t\t\t<div class=\"elementor-element elementor-element-1749637 elementor-widget elementor-widget-text-editor\" data-id=\"1749637\" data-element_type=\"widget\" data-widget_type=\"text-editor.default\">\n\t\t\t\t<div class=\"elementor-widget-container\">\n\t\t\t\t\t\t\t\t\t<p>Drzwi pasywne to zaawansowane technologicznie rozwi\u0105zanie, kt\u00f3re minimalizuje straty ciep\u0142a, poprawia izolacj\u0119 akustyczn\u0105 i zwi\u0119ksza komfort u\u017cytkowania budynku. Aby jednak dzia\u0142a\u0142y optymalnie, konieczne jest spe\u0142nienie szeregu wymaga\u0144 technicznych dotycz\u0105cych ca\u0142ej konstrukcji domu. W artykule om\u00f3wimy, jak przygotowa\u0107 budynek pod monta\u017c drzwi pasywnych, zwracaj\u0105c uwag\u0119 na kluczowe aspekty: izolacj\u0119, szczelno\u015b\u0107 powietrzn\u0105, wentylacj\u0119 oraz systemowe podej\u015bcie do energooszcz\u0119dno\u015bci. Dodatkowo przedstawimy case studies i praktyczne porady dla modernizacji starszych dom\u00f3w.<\/p>\t\t\t\t\t\t\t\t<\/div>\n\t\t\t\t<\/div>\n\t\t\t\t\t<\/div>\n\t\t<\/div>\n\t\t\t\t\t<\/div>\n\t\t<\/section>\n\t\t\t\t<section class=\"elementor-section elementor-top-section elementor-element elementor-element-d6c0b4b elementor-section-boxed elementor-section-height-default elementor-section-height-default\" data-id=\"d6c0b4b\" data-element_type=\"section\">\n\t\t\t\t\t\t<div class=\"elementor-container elementor-column-gap-default\">\n\t\t\t\t\t<div class=\"elementor-column elementor-col-50 elementor-top-column elementor-element elementor-element-a08f5ec\" data-id=\"a08f5ec\" data-element_type=\"column\">\n\t\t\t<div class=\"elementor-widget-wrap elementor-element-populated\">\n\t\t\t\t\t\t<div class=\"elementor-element elementor-element-f45768d elementor-widget elementor-widget-heading\" data-id=\"f45768d\" data-element_type=\"widget\" data-widget_type=\"heading.default\">\n\t\t\t\t<div class=\"elementor-widget-container\">\n\t\t\t\t\t<h3 class=\"elementor-heading-title elementor-size-default\">Wymagania techniczne dla drzwi pasywnych<\/h3>\t\t\t\t<\/div>\n\t\t\t\t<\/div>\n\t\t\t\t<div class=\"elementor-element elementor-element-a169158 elementor-widget elementor-widget-text-editor\" data-id=\"a169158\" data-element_type=\"widget\" data-widget_type=\"text-editor.default\">\n\t\t\t\t<div class=\"elementor-widget-container\">\n\t\t\t\t\t\t\t\t\t<h4><strong>Izolacja termiczna \u2013 fundament energooszcz\u0119dno\u015bci<\/strong><\/h4><p>Drzwi pasywne charakteryzuj\u0105 si\u0119 wsp\u00f3\u0142czynnikiem przenikania ciep\u0142a\u00a0<strong>U \u2264 0,8 W\/(m\u00b2K)<\/strong>, ale aby ich monta\u017c mia\u0142 sens, ca\u0142a przegroda (\u015bciana, w kt\u00f3rej s\u0105 osadzone) musi by\u0107 odpowiednio zaizolowana.<\/p><ul><li><p><strong>Materia\u0142y izolacyjne<\/strong>: Styropian, we\u0142na mineralna lub pianka PIR o grubo\u015bci min. 20 cm.<\/p><\/li><li><p><strong>Warstwa no\u015bna \u015bciany<\/strong>: Powinna by\u0107 wolna od mostk\u00f3w termicznych (np. u\u017cycie kszta\u0142tek z izolacj\u0105 termiczn\u0105 w wie\u0144cach stropowych).<\/p><\/li><li><p><strong>Wsp\u00f3\u0142czynnik U dla \u015bcian<\/strong>: Dla standardu pasywnego zaleca si\u0119\u00a0<strong>U \u2264 0,15 W\/(m\u00b2K)<\/strong>.<\/p><\/li><\/ul>\t\t\t\t\t\t\t\t<\/div>\n\t\t\t\t<\/div>\n\t\t\t\t<div class=\"elementor-element elementor-element-146a225 elementor-widget elementor-widget-image\" data-id=\"146a225\" data-element_type=\"widget\" data-widget_type=\"image.default\">\n\t\t\t\t<div class=\"elementor-widget-container\">\n\t\t\t\t\t\t\t\t\t\t\t\t\t\t\t<img fetchpriority=\"high\" decoding=\"async\" width=\"600\" height=\"257\" src=\"https:\/\/pozyczkizkomornikiem.com.pl\/wp-content\/uploads\/2025\/02\/pasywne.webp\" class=\"attachment-large size-large wp-image-52\" alt=\"Schemat domu pasywnego\" srcset=\"https:\/\/pozyczkizkomornikiem.com.pl\/wp-content\/uploads\/2025\/02\/pasywne.webp 600w, https:\/\/pozyczkizkomornikiem.com.pl\/wp-content\/uploads\/2025\/02\/pasywne-300x129.webp 300w\" sizes=\"(max-width: 600px) 100vw, 600px\" \/>\t\t\t\t\t\t\t\t\t\t\t\t\t\t\t<\/div>\n\t\t\t\t<\/div>\n\t\t\t\t<div class=\"elementor-element elementor-element-185038b elementor-widget elementor-widget-text-editor\" data-id=\"185038b\" data-element_type=\"widget\" data-widget_type=\"text-editor.default\">\n\t\t\t\t<div class=\"elementor-widget-container\">\n\t\t\t\t\t\t\t\t\t<h4><strong>Szczelno\u015b\u0107 powietrzna \u2013 test na wycieki energii<\/strong><\/h4><p>Szczelno\u015b\u0107 budynku mierzy si\u0119 testem\u00a0<strong>Blower Door<\/strong>, kt\u00f3ry wykrywa nieszczelno\u015bci. Dla dom\u00f3w pasywnych wymagana warto\u015b\u0107 to\u00a0<strong>n50 \u2264 0,6 h\u207b\u00b9<\/strong>\u00a0(liczba wymian powietrza na godzin\u0119 przy r\u00f3\u017cnicy ci\u015bnie\u0144 50 Pa).<\/p><ul><li><p><strong>Kluczowe miejsca<\/strong>: Po\u0142\u0105czenia \u015bcian z fundamentem, okna, drzwi, instalacje.<\/p><\/li><li><p><strong>Materia\u0142y uszczelniaj\u0105ce<\/strong>: Ta\u015bmy butylowe, folie paroprzepuszczalne, silikony akrylowe.<\/p><\/li><\/ul>\t\t\t\t\t\t\t\t<\/div>\n\t\t\t\t<\/div>\n\t\t\t\t<div class=\"elementor-element elementor-element-8d6fde0 elementor-widget elementor-widget-text-editor\" data-id=\"8d6fde0\" data-element_type=\"widget\" data-widget_type=\"text-editor.default\">\n\t\t\t\t<div class=\"elementor-widget-container\">\n\t\t\t\t\t\t\t\t\t<h4><strong>System wentylacji \u2013 odzysk ciep\u0142a to podstawa<\/strong><\/h4><p>W domach pasywnych tradycyjna wentylacja grawitacyjna nie wystarcza. Konieczny jest\u00a0<strong>rekuperator<\/strong>\u00a0(wentylacja mechaniczna z odzyskiem ciep\u0142a), kt\u00f3ry zapewnia:<\/p><ul><li><p>Sprawno\u015b\u0107 odzysku ciep\u0142a \u2265 75%.<\/p><\/li><li><p>Ci\u0105g\u0142\u0105 wymian\u0119 powietrza bez otwierania okien.<\/p><\/li><li><p>Oczyszczanie powietrza z alergen\u00f3w (filtry HEPA).<\/p><\/li><\/ul>\t\t\t\t\t\t\t\t<\/div>\n\t\t\t\t<\/div>\n\t\t\t\t\t<\/div>\n\t\t<\/div>\n\t\t\t\t<div class=\"elementor-column elementor-col-50 elementor-top-column elementor-element elementor-element-6cdaf5e\" data-id=\"6cdaf5e\" data-element_type=\"column\">\n\t\t\t<div class=\"elementor-widget-wrap elementor-element-populated\">\n\t\t\t\t\t\t<div class=\"elementor-element elementor-element-6cc6c9d elementor-widget elementor-widget-heading\" data-id=\"6cc6c9d\" data-element_type=\"widget\" data-widget_type=\"heading.default\">\n\t\t\t\t<div class=\"elementor-widget-container\">\n\t\t\t\t\t<h3 class=\"elementor-heading-title elementor-size-default\">Jak sprawdzi\u0107, czy dom nadaje si\u0119 pod drzwi pasywne?<\/h3>\t\t\t\t<\/div>\n\t\t\t\t<\/div>\n\t\t\t\t<div class=\"elementor-element elementor-element-1724f98 elementor-widget elementor-widget-text-editor\" data-id=\"1724f98\" data-element_type=\"widget\" data-widget_type=\"text-editor.default\">\n\t\t\t\t<div class=\"elementor-widget-container\">\n\t\t\t\t\t\t\t\t\t<h4><strong>Krok 1: Audyt energetyczny<\/strong><\/h4><p>Profesjonalny audyt identyfikuje s\u0142abe punkty budynku:<\/p><ul><li><p>Termowizja: Wykrywa mostki termiczne (np. niezaizolowane nadpro\u017ca).<\/p><\/li><li><p>Analiza zu\u017cycia energii: Por\u00f3wnanie rachunk\u00f3w za ogrzewanie z normami dla dom\u00f3w pasywnych (\u2264 15 kWh\/m\u00b2\/rok).<\/p><\/li><\/ul>\t\t\t\t\t\t\t\t<\/div>\n\t\t\t\t<\/div>\n\t\t\t\t<div class=\"elementor-element elementor-element-4785e33 elementor-widget elementor-widget-image\" data-id=\"4785e33\" data-element_type=\"widget\" data-widget_type=\"image.default\">\n\t\t\t\t<div class=\"elementor-widget-container\">\n\t\t\t\t\t\t\t\t\t\t\t\t\t\t\t<img decoding=\"async\" width=\"1024\" height=\"633\" src=\"https:\/\/pozyczkizkomornikiem.com.pl\/wp-content\/uploads\/2025\/02\/mostektremiczny-1024x633.webp\" class=\"attachment-large size-large wp-image-57\" alt=\"Mostek termiczny\" srcset=\"https:\/\/pozyczkizkomornikiem.com.pl\/wp-content\/uploads\/2025\/02\/mostektremiczny-1024x633.webp 1024w, https:\/\/pozyczkizkomornikiem.com.pl\/wp-content\/uploads\/2025\/02\/mostektremiczny-300x186.webp 300w, https:\/\/pozyczkizkomornikiem.com.pl\/wp-content\/uploads\/2025\/02\/mostektremiczny-768x475.webp 768w, https:\/\/pozyczkizkomornikiem.com.pl\/wp-content\/uploads\/2025\/02\/mostektremiczny-1536x950.webp 1536w, https:\/\/pozyczkizkomornikiem.com.pl\/wp-content\/uploads\/2025\/02\/mostektremiczny.webp 2028w\" sizes=\"(max-width: 1024px) 100vw, 1024px\" \/>\t\t\t\t\t\t\t\t\t\t\t\t\t\t\t<\/div>\n\t\t\t\t<\/div>\n\t\t\t\t<div class=\"elementor-element elementor-element-bb551d5 elementor-widget elementor-widget-text-editor\" data-id=\"bb551d5\" data-element_type=\"widget\" data-widget_type=\"text-editor.default\">\n\t\t\t\t<div class=\"elementor-widget-container\">\n\t\t\t\t\t\t\t\t\t<h4><strong>Krok 2: Ocena stanu technicznego<\/strong><\/h4><ul><li><p>Sprawd\u017a stan istniej\u0105cych drzwi i o\u015bcie\u017cnic \u2013 czy wyst\u0119puj\u0105 zawilgocenia lub deformacje?<\/p><\/li><li><p>Zmierz grubo\u015b\u0107 izolacji \u015bcian (np. przez otwory techniczne).<\/p><\/li><\/ul>\t\t\t\t\t\t\t\t<\/div>\n\t\t\t\t<\/div>\n\t\t\t\t\t<\/div>\n\t\t<\/div>\n\t\t\t\t\t<\/div>\n\t\t<\/section>\n\t\t\t\t<section class=\"elementor-section elementor-top-section elementor-element elementor-element-1f9084d elementor-section-boxed elementor-section-height-default elementor-section-height-default\" data-id=\"1f9084d\" data-element_type=\"section\">\n\t\t\t\t\t\t<div class=\"elementor-container elementor-column-gap-default\">\n\t\t\t\t\t<div class=\"elementor-column elementor-col-100 elementor-top-column elementor-element elementor-element-6ebbf39\" data-id=\"6ebbf39\" data-element_type=\"column\">\n\t\t\t<div class=\"elementor-widget-wrap elementor-element-populated\">\n\t\t\t\t\t\t<div class=\"elementor-element elementor-element-d369652 elementor-widget elementor-widget-heading\" data-id=\"d369652\" data-element_type=\"widget\" data-widget_type=\"heading.default\">\n\t\t\t\t<div class=\"elementor-widget-container\">\n\t\t\t\t\t<h3 class=\"elementor-heading-title elementor-size-default\">Modernizacja starszych budynk\u00f3w \u2013 od czego zacz\u0105\u0107?<\/h3>\t\t\t\t<\/div>\n\t\t\t\t<\/div>\n\t\t\t\t<div class=\"elementor-element elementor-element-bc73631 elementor-widget elementor-widget-text-editor\" data-id=\"bc73631\" data-element_type=\"widget\" data-widget_type=\"text-editor.default\">\n\t\t\t\t<div class=\"elementor-widget-container\">\n\t\t\t\t\t\t\t\t\t<h4><strong>Usuwanie mostk\u00f3w termicznych<\/strong><\/h4><ul><li><p><strong>Typowe problemy<\/strong>: Nieocieplone wie\u0144ce stropowe, balkony po\u0142\u0105czone ze stropem, ramy okienne bez izolacji.<\/p><\/li><li><p><strong>Rozwi\u0105zania<\/strong>:<\/p><ul><li><p>Docieplenie metod\u0105 ETICS (systemem ocieple\u0144).<\/p><\/li><li><p>Monta\u017c p\u0142yt izolacyjnych pod posadzk\u0105.<\/p><\/li><\/ul><\/li><\/ul>\t\t\t\t\t\t\t\t<\/div>\n\t\t\t\t<\/div>\n\t\t\t\t<div class=\"elementor-element elementor-element-489c75b elementor-widget elementor-widget-text-editor\" data-id=\"489c75b\" data-element_type=\"widget\" data-widget_type=\"text-editor.default\">\n\t\t\t\t<div class=\"elementor-widget-container\">\n\t\t\t\t\t\t\t\t\t<h4><strong>Wymiana okien<\/strong><\/h4><p>Stare okna (U \u2265 1,5 W\/(m\u00b2K)) warto zast\u0105pi\u0107 modelami pasywnymi (U \u2264 0,8 W\/(m\u00b2K)). Wa\u017cne jest ich prawid\u0142owe osadzenie z u\u017cyciem ta\u015bm rozpr\u0119\u017cnych.<\/p><h4><strong><a href=\"https:\/\/hob.com.pl\">Izolacja dachu<\/a> i pod\u0142ogi<\/strong><\/h4><ul><li><p><strong>Dach<\/strong>: We\u0142na mineralna gr. 30 cm + folia paroizolacyjna.<\/p><\/li><li><p><strong>Pod\u0142oga na gruncie<\/strong>: Styropian XPS gr. 15 cm.<\/p><\/li><\/ul>\t\t\t\t\t\t\t\t<\/div>\n\t\t\t\t<\/div>\n\t\t\t\t\t<\/div>\n\t\t<\/div>\n\t\t\t\t\t<\/div>\n\t\t<\/section>\n\t\t\t\t<section class=\"elementor-section elementor-top-section elementor-element elementor-element-7ec433f elementor-section-boxed elementor-section-height-default elementor-section-height-default\" data-id=\"7ec433f\" data-element_type=\"section\">\n\t\t\t\t\t\t<div class=\"elementor-container elementor-column-gap-default\">\n\t\t\t\t\t<div class=\"elementor-column elementor-col-50 elementor-top-column elementor-element elementor-element-f04e678\" data-id=\"f04e678\" data-element_type=\"column\">\n\t\t\t<div class=\"elementor-widget-wrap elementor-element-populated\">\n\t\t\t\t\t\t<div class=\"elementor-element elementor-element-b87f437 elementor-widget elementor-widget-heading\" data-id=\"b87f437\" data-element_type=\"widget\" data-widget_type=\"heading.default\">\n\t\t\t\t<div class=\"elementor-widget-container\">\n\t\t\t\t\t<h3 class=\"elementor-heading-title elementor-size-default\">Dlaczego same drzwi pasywne nie wystarcz\u0105?<\/h3>\t\t\t\t<\/div>\n\t\t\t\t<\/div>\n\t\t\t\t<div class=\"elementor-element elementor-element-5daf0f5 elementor-widget elementor-widget-text-editor\" data-id=\"5daf0f5\" data-element_type=\"widget\" data-widget_type=\"text-editor.default\">\n\t\t\t\t<div class=\"elementor-widget-container\">\n\t\t\t\t\t\t\t\t\t<p>Drzwi pasywne to element systemu. Nawet najlepszy model nie zniweluje strat ciep\u0142a przez s\u0142abo zaizolowany dach czy nieszczelne okna. Przyk\u0142ad:<\/p><ul><li><p>Dom z drzwiami pasywnymi (U=0,7), ale ze \u015bcianami U=0,3 \u2013 oszcz\u0119dno\u015bci energii wynios\u0105 tylko 10-15%.<\/p><\/li><\/ul>\t\t\t\t\t\t\t\t<\/div>\n\t\t\t\t<\/div>\n\t\t\t\t<div class=\"elementor-element elementor-element-e95e0a4 elementor-widget elementor-widget-image\" data-id=\"e95e0a4\" data-element_type=\"widget\" data-widget_type=\"image.default\">\n\t\t\t\t<div class=\"elementor-widget-container\">\n\t\t\t\t\t\t\t\t\t\t\t\t\t\t\t<img decoding=\"async\" width=\"726\" height=\"428\" src=\"https:\/\/pozyczkizkomornikiem.com.pl\/wp-content\/uploads\/2025\/02\/strata.webp\" class=\"attachment-medium_large size-medium_large wp-image-58\" alt=\"\" srcset=\"https:\/\/pozyczkizkomornikiem.com.pl\/wp-content\/uploads\/2025\/02\/strata.webp 726w, https:\/\/pozyczkizkomornikiem.com.pl\/wp-content\/uploads\/2025\/02\/strata-300x177.webp 300w\" sizes=\"(max-width: 726px) 100vw, 726px\" \/>\t\t\t\t\t\t\t\t\t\t\t\t\t\t\t<\/div>\n\t\t\t\t<\/div>\n\t\t\t\t\t<\/div>\n\t\t<\/div>\n\t\t\t\t<div class=\"elementor-column elementor-col-50 elementor-top-column elementor-element elementor-element-a5b5229\" data-id=\"a5b5229\" data-element_type=\"column\">\n\t\t\t<div class=\"elementor-widget-wrap elementor-element-populated\">\n\t\t\t\t\t\t<div class=\"elementor-element elementor-element-20db7dd elementor-widget elementor-widget-heading\" data-id=\"20db7dd\" data-element_type=\"widget\" data-widget_type=\"heading.default\">\n\t\t\t\t<div class=\"elementor-widget-container\">\n\t\t\t\t\t<h3 class=\"elementor-heading-title elementor-size-default\">Case study: Przyk\u0142ady udanych realizacji<\/h3>\t\t\t\t<\/div>\n\t\t\t\t<\/div>\n\t\t\t\t<div class=\"elementor-element elementor-element-4df517a elementor-widget elementor-widget-text-editor\" data-id=\"4df517a\" data-element_type=\"widget\" data-widget_type=\"text-editor.default\">\n\t\t\t\t<div class=\"elementor-widget-container\">\n\t\t\t\t\t\t\t\t\t<h4><strong>Dom jednorodzinny w Krakowie (nowy budynek)<\/strong><\/h4><ul><li><p><strong>Dzia\u0142ania<\/strong>: \u015aciany U=0,12, rekuperator, drzwi pasywne Sch\u00fcco (U=0,6).<\/p><\/li><li><p><strong>Efekty<\/strong>: Zu\u017cycie energii 14 kWh\/m\u00b2\/rok, brak mostk\u00f3w termicznych.<\/p><\/li><\/ul>\t\t\t\t\t\t\t\t<\/div>\n\t\t\t\t<\/div>\n\t\t\t\t<div class=\"elementor-element elementor-element-f88b4d4 elementor-widget elementor-widget-text-editor\" data-id=\"f88b4d4\" data-element_type=\"widget\" data-widget_type=\"text-editor.default\">\n\t\t\t\t<div class=\"elementor-widget-container\">\n\t\t\t\t\t\t\t\t\t<h4><strong>Kamienica z lat 30. we Wroc\u0142awiu (modernizacja)<\/strong><\/h4><ul><li><p><strong>Dzia\u0142ania<\/strong>: Wymiana okien, docieplenie elewacji, monta\u017c drzwi pasywnych.<\/p><\/li><li><p><strong>Efekty<\/strong>: Zmniejszenie rachunk\u00f3w za ogrzewanie o 40%.<\/p><\/li><\/ul>\t\t\t\t\t\t\t\t<\/div>\n\t\t\t\t<\/div>\n\t\t\t\t\t<\/div>\n\t\t<\/div>\n\t\t\t\t\t<\/div>\n\t\t<\/section>\n\t\t\t\t<section class=\"elementor-section elementor-top-section elementor-element elementor-element-a246709 elementor-section-boxed elementor-section-height-default elementor-section-height-default\" data-id=\"a246709\" data-element_type=\"section\">\n\t\t\t\t\t\t<div class=\"elementor-container elementor-column-gap-default\">\n\t\t\t\t\t<div class=\"elementor-column elementor-col-100 elementor-top-column elementor-element elementor-element-8449bdb\" data-id=\"8449bdb\" data-element_type=\"column\">\n\t\t\t<div class=\"elementor-widget-wrap elementor-element-populated\">\n\t\t\t\t\t\t<div class=\"elementor-element elementor-element-32b0524 elementor-widget elementor-widget-heading\" data-id=\"32b0524\" data-element_type=\"widget\" data-widget_type=\"heading.default\">\n\t\t\t\t<div class=\"elementor-widget-container\">\n\t\t\t\t\t<h3 class=\"elementor-heading-title elementor-size-default\"><h3 style=\"font-weight: var(--ds-font-weight-strong);font-size: calc(var(--ds-md-zoom)*16px);margin: calc(var(--ds-md-zoom)*16px)0 calc(var(--ds-md-zoom)*12px)0;, sans-serif\"><strong>Podsumowanie: Systemowe podej\u015bcie kluczem do sukcesu<\/strong><span style=\"font-family: var( --e-global-typography-primary-font-family ), Sans-serif;font-weight: var( --e-global-typography-primary-font-weight );background-color: transparent\"><\/span><\/h3><\/h3>\t\t\t\t<\/div>\n\t\t\t\t<\/div>\n\t\t\t\t<div class=\"elementor-element elementor-element-e210f35 elementor-widget elementor-widget-text-editor\" data-id=\"e210f35\" data-element_type=\"widget\" data-widget_type=\"text-editor.default\">\n\t\t\t\t<div class=\"elementor-widget-container\">\n\t\t\t\t\t\t\t\t\t<p>Drzwi pasywne to inwestycja, kt\u00f3ra zwraca si\u0119 tylko w kompleksowo zaplanowanym budynku. Audyt energetyczny, eliminacja mostk\u00f3w termicznych i sprawna wentylacja to niezb\u0119dne kroki. Pami\u0119taj: w energooszcz\u0119dno\u015bci liczy si\u0119 ka\u017cdy detal!<\/p>\t\t\t\t\t\t\t\t<\/div>\n\t\t\t\t<\/div>\n\t\t\t\t\t<\/div>\n\t\t<\/div>\n\t\t\t\t\t<\/div>\n\t\t<\/section>\n\t\t\t\t<\/div>\n\t\t","protected":false},"excerpt":{"rendered":"<p>Jak przygotowa\u0107 dom pod drzwi pasywne? Wymagania techniczne i praktyczne porady Spis tre\u015bci Czym s\u0105 drzwi pasywne i dlaczego warto je montowa\u0107? Drzwi pasywne to zaawansowane technologicznie rozwi\u0105zanie, kt\u00f3re minimalizuje straty ciep\u0142a, poprawia izolacj\u0119 akustyczn\u0105 i zwi\u0119ksza komfort u\u017cytkowania budynku. Aby jednak dzia\u0142a\u0142y optymalnie, konieczne jest spe\u0142nienie szeregu wymaga\u0144 technicznych dotycz\u0105cych ca\u0142ej konstrukcji domu. W&#8230;<\/p>\n","protected":false},"author":1,"featured_media":0,"parent":0,"menu_order":0,"comment_status":"closed","ping_status":"closed","template":"","meta":{"_kad_post_transparent":"default","_kad_post_title":"hide","_kad_post_layout":"fullwidth","_kad_post_sidebar_id":"","_kad_post_content_style":"unboxed","_kad_post_vertical_padding":"hide","_kad_post_feature":"hide","_kad_post_feature_position":"","_kad_post_header":false,"_kad_post_footer":false,"footnotes":""},"class_list":["post-50","page","type-page","status-publish","hentry"],"_links":{"self":[{"href":"https:\/\/pozyczkizkomornikiem.com.pl\/index.php?rest_route=\/wp\/v2\/pages\/50","targetHints":{"allow":["GET"]}}],"collection":[{"href":"https:\/\/pozyczkizkomornikiem.com.pl\/index.php?rest_route=\/wp\/v2\/pages"}],"about":[{"href":"https:\/\/pozyczkizkomornikiem.com.pl\/index.php?rest_route=\/wp\/v2\/types\/page"}],"author":[{"embeddable":true,"href":"https:\/\/pozyczkizkomornikiem.com.pl\/index.php?rest_route=\/wp\/v2\/users\/1"}],"replies":[{"embeddable":true,"href":"https:\/\/pozyczkizkomornikiem.com.pl\/index.php?rest_route=%2Fwp%2Fv2%2Fcomments&post=50"}],"version-history":[{"count":10,"href":"https:\/\/pozyczkizkomornikiem.com.pl\/index.php?rest_route=\/wp\/v2\/pages\/50\/revisions"}],"predecessor-version":[{"id":64,"href":"https:\/\/pozyczkizkomornikiem.com.pl\/index.php?rest_route=\/wp\/v2\/pages\/50\/revisions\/64"}],"wp:attachment":[{"href":"https:\/\/pozyczkizkomornikiem.com.pl\/index.php?rest_route=%2Fwp%2Fv2%2Fmedia&parent=50"}],"curies":[{"name":"wp","href":"https:\/\/api.w.org\/{rel}","templated":true}]}}